{"id":61769,"date":"2025-08-17T18:56:24","date_gmt":"2025-08-17T16:56:24","guid":{"rendered":"https:\/\/ak47.nu\/produkt\/okategoriserad\/baltesspanne-america-pride-is-back\/"},"modified":"2025-12-04T02:05:10","modified_gmt":"2025-12-04T01:05:10","slug":"america-pride-guertelschnalle","status":"publish","type":"product","link":"https:\/\/ak47.nu\/de\/produkt\/zubehor-2\/holsters\/america-pride-guertelschnalle\/","title":{"rendered":"America Pride G\u00fcrtelschnalle - Hohe Qualit\u00e4t"},"content":{"rendered":"<h1>America Pride Is Back G\u00fcrtelschnalle<\/h1>\n<h2>Stylische G\u00fcrtelschnalle f\u00fcr einen einzigartigen Look<\/h2>\n<p>Zeigen Sie Ihren Stolz mit dieser einzigartigen \"America Pride Is Back\" G\u00fcrtelschnalle. Hergestellt aus hochwertigen Materialien und Details. Perfekt, um Ihrem Outfit eine pers\u00f6nliche Note zu verleihen. Diese G\u00fcrtelschnalle ist nicht nur ein Accessoire, sondern ein Statement-Piece, das die Blicke auf sich zieht und Ihren individuellen Stil zeigt. Vervollst\u00e4ndigen Sie Ihren Look mit dieser auff\u00e4lligen Schnalle.  Entdecken Sie weitere einzigartige <a href=\"https:\/\/ak47.nu\/de\/butik\/\">G\u00fcrtelschnallen in unserem Sortiment<\/a>!<\/p>\n\n<h3>Spezifikationen:<\/h3>\n<ul>\n    <li>H\u00f6he: ~58mm<\/li>\n    <li>L\u00e4nge: ~80mm<\/li>\n    <li>Gewicht: ~147g<\/li>\n<\/ul>\n<p>Diese G\u00fcrtelschnalle ist so konzipiert, dass sie auf die meisten Standardg\u00fcrtel passt und leicht auszutauschen ist. F\u00fcr weitere Informationen zu unseren Produkten besuchen Sie unsere <a href=\"https:\/\/ak47.nu\/de\/\">Website<\/a>. Entdecken Sie unsere gro\u00dfe Auswahl an <a href=\"https:\/\/ak47.nu\/de\/zubehor-2\/holsters\/\">Accessoires<\/a>.<\/p>","protected":false},"excerpt":{"rendered":"<p>America Pride Is Back G\u00fcrtelschnalle Stylische G\u00fcrtelschnalle f\u00fcr einen einzigartigen Look Zeigen Sie Ihren Stolz mit dieser einzigartigen &#8221;America Pride Is Back&#8221; G\u00fcrtelschnalle. Hergestellt aus hochwertigen Materialien und Details. Perfekt, um Ihrem Outfit eine pers\u00f6nliche Note zu verleihen. Diese G\u00fcrtelschnalle ist nicht nur ein Accessoire, sondern ein Statement-Piece, das die Blicke auf sich zieht und [&#8230;]","protected":false},"featured_media":61768,"template":"","meta":[],"product_brand":[],"product_cat":[563],"product_tag":[],"class_list":{"0":"post-61769","1":"product","2":"type-product","3":"status-publish","4":"has-post-thumbnail","6":"product_cat-holsters","7":"pa_brand-no-brand","8":"pa_farg-multifarg","10":"first","11":"instock","12":"sale","13":"taxable","14":"shipping-taxable","15":"purchasable","16":"product-type-simple"},"_links":{"self":[{"href":"https:\/\/ak47.nu\/de\/wp-json\/wp\/v2\/product\/61769","targetHints":{"allow":["GET"]}}],"collection":[{"href":"https:\/\/ak47.nu\/de\/wp-json\/wp\/v2\/product"}],"about":[{"href":"https:\/\/ak47.nu\/de\/wp-json\/wp\/v2\/types\/product"}],"wp:featuredmedia":[{"embeddable":true,"href":"https:\/\/ak47.nu\/de\/wp-json\/wp\/v2\/media\/61768"}],"wp:attachment":[{"href":"https:\/\/ak47.nu\/de\/wp-json\/wp\/v2\/media?parent=61769"}],"wp:term":[{"taxonomy":"product_brand","embeddable":true,"href":"https:\/\/ak47.nu\/de\/wp-json\/wp\/v2\/product_brand?post=61769"},{"taxonomy":"product_cat","embeddable":true,"href":"https:\/\/ak47.nu\/de\/wp-json\/wp\/v2\/product_cat?post=61769"},{"taxonomy":"product_tag","embeddable":true,"href":"https:\/\/ak47.nu\/de\/wp-json\/wp\/v2\/product_tag?post=61769"}],"curies":[{"name":"wp","href":"https:\/\/api.w.org\/{rel}","templated":true}]}}

America Pride Gürtelschnalle - Hohe Qualität

<h1>America Pride Is Back Gürtelschnalle</h1>
<h2>Stylische Gürtelschnalle für einen einzigartigen Look</h2>
<p>Zeigen Sie Ihren Stolz mit dieser einzigartigen "America Pride Is Back" Gürtelschnalle. Hergestellt aus hochwertigen Materialien und Details. Perfekt, um Ihrem Outfit eine persönliche Note zu verleihen. Diese Gürtelschnalle ist nicht nur ein Accessoire, sondern ein Statement-Piece, das die Blicke auf sich zieht und Ihren individuellen Stil zeigt. Vervollständigen Sie Ihren Look mit dieser auffälligen Schnalle.  Entdecken Sie weitere einzigartige <a href="https://ak47.nu/de/butik/">Gürtelschnallen in unserem Sortiment</a>!</p>

<h3>Spezifikationen:</h3>
<ul>
    <li>Höhe: ~58mm</li>
    <li>Länge: ~80mm</li>
    <li>Gewicht: ~147g</li>
</ul>
<p>Diese Gürtelschnalle ist so konzipiert, dass sie auf die meisten Standardgürtel passt und leicht auszutauschen ist. Für weitere Informationen zu unseren Produkten besuchen Sie unsere <a href="https://ak47.nu/de/">Website</a>. Entdecken Sie unsere große Auswahl an <a href="https://ak47.nu/de/zubehor-2/holsters/">Accessoires</a>.</p>

<p>America Pride Is Back Gürtelschnalle Stylische Gürtelschnalle für einen einzigartigen Look Zeigen Sie Ihren Stolz mit dieser einzigartigen &#8221;America Pride Is Back&#8221; Gürtelschnalle. Hergestellt aus hochwertigen Materialien und Details. Perfekt, um Ihrem Outfit eine persönliche Note zu verleihen. Diese Gürtelschnalle ist nicht nur ein Accessoire, sondern ein Statement-Piece, das die Blicke auf sich zieht und [&#8230;]
